{"id":49,"date":"2022-07-13T21:42:06","date_gmt":"2022-07-14T00:42:06","guid":{"rendered":"http:\/\/www.vocepontocom.com.br\/csseb\/?page_id=49"},"modified":"2026-01-16T09:29:50","modified_gmt":"2026-01-16T12:29:50","slug":"tesouraria","status":"publish","type":"page","link":"https:\/\/www.csseb.com.br\/site\/tesouraria\/","title":{"rendered":"Departamento de Finan\u00e7as"},"content":{"rendered":"\n<p><strong>Diretoria Executiva  2024\/2026.<\/strong><\/p>\n\n\n\n<p>&nbsp;<\/p>\n\n\n\n<p><strong>O Departamento de Finan\u00e7as \u00e9 o org\u00e3o encarregado de coordenar o fluxo financeiro do Clube.<\/strong> <\/p>\n\n\n\n<p><strong>Ao TESOUREIRO compete:<\/strong><\/p>\n\n\n\n<p>Coordenar, junto ao Presidente, o Vice Presidente, O Diretor Secret\u00e1rio, e o Diretor Executivo, a escritura\u00e7\u00e3o do movimento de caixa e encaminh\u00e1-lo, no m\u00eas subsequente ao conselho Fiscal. <\/p>\n\n\n\n<p><strong>PREZADOS ASSOCIADO (AS)<\/strong><\/p>\n\n\n\n<p><strong>Informamos que os Balancetes Financeiros do Clube dos Subtenentes e Sargentos do Ex\u00e9rcito em Bras\u00edlia est\u00e3o dispon\u00edveis para acompanhamento, aprecia\u00e7\u00e3o, cr\u00edticas e sugest\u00f5es de seus associados.<\/strong><\/p>\n\n\n\n<p><strong>Para acesso aos mesmos o associato titular deve seguir os passos abaixo:<\/strong><\/p>\n\n\n\n<p><strong>1) acessar o endere\u00e7o eletr\u00f4nico https:\/\/www.csseb.com.br\/site\/ ;<\/strong><\/p>\n\n\n\n<p><strong>2) entrar com login e senha (login e senha padr\u00e3o \u00e9 o CPF do titular, sem tra\u00e7os nem pontos);<\/strong><\/p>\n\n\n\n<p><strong>3) na coluna \u00e0 esquerda da tela, procurar a aba &#8220;Arquivos&#8221;;<\/strong><\/p>\n\n\n\n<p><strong>4) clicar e &#8220;<a href=\"https:\/\/sistema.clubesassociados.com.br\/downloadArquivos\/clubes\/#collapse0\">PRESTA\u00c7\u00c3O DE CONTAS DO CSSEB<\/a>&#8221; e<\/strong> <\/p>\n\n\n\n<p><strong>5) fazer download do arquivo desejado.<\/strong><\/p>\n\n\n\n<p><\/p>\n\n\n\n<p><strong>Governan\u00e7a \u00e9 respeito ao associado e responsabilidade com o futuro do Clube.<\/strong><\/p>\n\n\n\n<p><\/p>\n\n\n\n<p><strong>Acesse, critique, sugira, participe!!<\/strong><\/p>\n\n\n\n<p><\/p>\n\n\n\n<p><strong>Informa\u00e7\u00f5es:<\/strong><\/p>\n\n\n\n<p><strong>Secretaria do Clube Pandi\u00e1: (61) 97401-2619<\/strong><\/p>\n\n\n\n<p><strong>Secretaria do Clube do Rocha: (61) 99181-7903<\/strong><\/p>\n\n\n\n<p><strong>Email: secretaria@csseb.com.br<\/strong><\/p>\n\n\n\n<p><strong>Grupo das Secretarias CSSEB (Pandi\u00e1 e Rocha):<\/strong><\/p>\n\n\n\n<p><a href=\"https:\/\/chat.whatsapp.com\/IUAEKWqHN9wA5Zo1C9R7MZ\">https:\/\/chat.whatsapp.com\/IUAEKWqHN9wA5Zo1C9R7MZ<\/a><\/p>\n\n\n\n<p><strong>&#8220;PANDI\u00c1 E ROCHA DESDE 1969&#8221;<\/strong> <\/p>\n","protected":false},"excerpt":{"rendered":"<p>Diretoria Executiva 2024\/2026. &nbsp; O Departamento de Finan\u00e7as \u00e9 o org\u00e3o encarregado de coordenar o<\/p>\n","protected":false},"author":4,"featured_media":0,"parent":0,"menu_order":0,"comment_status":"closed","ping_status":"closed","template":"","meta":{"footnotes":""},"folder":[],"class_list":["post-49","page","type-page","status-publish","hentry"],"_links":{"self":[{"href":"https:\/\/www.csseb.com.br\/site\/wp-json\/wp\/v2\/pages\/49","targetHints":{"allow":["GET"]}}],"collection":[{"href":"https:\/\/www.csseb.com.br\/site\/wp-json\/wp\/v2\/pages"}],"about":[{"href":"https:\/\/www.csseb.com.br\/site\/wp-json\/wp\/v2\/types\/page"}],"author":[{"embeddable":true,"href":"https:\/\/www.csseb.com.br\/site\/wp-json\/wp\/v2\/users\/4"}],"replies":[{"embeddable":true,"href":"https:\/\/www.csseb.com.br\/site\/wp-json\/wp\/v2\/comments?post=49"}],"version-history":[{"count":26,"href":"https:\/\/www.csseb.com.br\/site\/wp-json\/wp\/v2\/pages\/49\/revisions"}],"predecessor-version":[{"id":10822,"href":"https:\/\/www.csseb.com.br\/site\/wp-json\/wp\/v2\/pages\/49\/revisions\/10822"}],"wp:attachment":[{"href":"https:\/\/www.csseb.com.br\/site\/wp-json\/wp\/v2\/media?parent=49"}],"wp:term":[{"taxonomy":"folder","embeddable":true,"href":"https:\/\/www.csseb.com.br\/site\/wp-json\/wp\/v2\/folder?post=49"}],"curies":[{"name":"wp","href":"https:\/\/api.w.org\/{rel}","templated":true}]}}